373
List the prime factors of 12667438.
2, 7, 131, 6907
What are the prime factors of 708959?
708959
What are the prime factors of 3390358?
2, 1297, 1307
What are the prime factors of 786785?
5, 53, 2969
List the prime factors of 350317.
11, 31847
What are the prime factors of 28567074?
2, 3, 107, 44497
What are the prime factors of 218157?
3, 72719
List the prime factors of 33569753.
7, 97871
List the prime factors of 737461.
223, 3307
What are the prime factors of 412127?
412127
List the prime factors of 711404.
2, 293, 607
What are the prime factors of 854382?
2, 3, 131, 1087
What are the prime factors of 15991811?
11, 139, 10459
What are the prime factors of 4017710?
2, 5, 401771
List the prime factors of 2653212.
2, 3, 221101
List the prime factors of 196129.
17, 83, 139
List the prime factors of 2930353.
59, 49667
List the prime factors of 2497898.
2, 13, 191, 503
What are the prime factors of 14040958?
2, 7020479
What are the prime factors of 1000109?
11, 23, 59, 67
What are the prime factors of 13822?
2, 6911
List the prime factors of 34389820.
2, 5, 1719491
List the prime factors of 308121.
3, 11, 9337
What are the prime factors of 1695568?
2, 7, 15139
What are the prime factors of 12219537?
3, 11, 349, 1061
What are the prime factors of 960164?
2, 240041
List the prime factors of 2573266.
2, 1286633
List the prime factors of 11598876.
2, 3, 11933
What are the prime factors of 157593?
3, 131, 401
List the prime factors of 199918.
2, 19, 5261
List the prime factors of 583579.
23, 25373
List the prime factors of 755384.
2, 7, 41, 47
What are the prime factors of 75573?
3, 311
What are the prime factors of 5715947?
43, 132929
What are the prime factors of 67417?
7, 9631
List the prime factors of 3675557.
107, 34351
List the prime factors of 6572284.
2, 617, 2663
List the prime factors of 1469256.
2, 3, 29, 2111
What are the prime factors of 942358?
2, 471179
What are the prime factors of 2774218?
2, 1387109
List the prime factors of 605168.
2, 109, 347
List the prime factors of 2875837.
59, 79, 617
List the prime factors of 315859.
23, 31, 443
What are the prime factors of 150477?
3, 50159
List the prime factors of 178511.
137, 1303
What are the prime factors of 32761863?
3, 3640207
What are the prime factors of 10599610?
2, 5, 7, 151423
List the prime factors of 4081523.
19, 214817
List the prime factors of 11415995.
5, 29, 131, 601
What are the prime factors of 230199?
3, 76733
What are the prime factors of 8600368?
2, 7, 17, 4517
What are the prime factors of 76989?
3, 11, 2333
What are the prime factors of 6276109?
7, 896587
What are the prime factors of 5341591?
5341591
List the prime factors of 10268809.
10268809
List the prime factors of 5905843.
53, 111431
What are the prime factors of 206761?
199, 1039
List the prime factors of 126756.
2, 3, 7, 503
What are the prime factors of 1360235?
5, 163, 1669
List the prime factors of 430845.
3, 5, 28723
What are the prime factors of 7819778?
2, 3909889
List the prime factors of 7439302.
2, 13, 17, 16831
What are the prime factors of 1501064?
2, 187633
What are the prime factors of 329239?
17, 107, 181
List the prime factors of 1886875.
5, 3019
List the prime factors of 257341.
7, 97, 379
What are the prime factors of 9257741?
17, 227, 2399
List the prime factors of 12283705.
5, 7, 350963
What are the prime factors of 236041?
13, 67, 271
What are the prime factors of 4159434?
2, 3, 163, 4253
List the prime factors of 2570020.
2, 5, 23, 37, 151
What are the prime factors of 103261?
31, 3331
List the prime factors of 1075547.
11, 97777
What are the prime factors of 3470073?
3, 137, 8443
What are the prime factors of 4351726?
2, 157, 13859
List the prime factors of 662465.
5, 47, 2819
What are the prime factors of 485111?
11, 44101
What are the prime factors of 586419?
3, 47, 4159
What are the prime factors of 11524412?
2, 19, 151637
What are the prime factors of 50399?
101, 499
List the prime factors of 3217791.
3, 71, 15107
List the prime factors of 9765637.
7, 109, 12799
List the prime factors of 15840131.
89, 177979
What are the prime factors of 347788?
2, 7, 12421
List the prime factors of 724093.
724093
What are the prime factors of 260922?
2, 3, 43487
What are the prime factors of 258603?
3, 86201
What are the prime factors of 622318?
2, 379, 821
List the prime factors of 10906008.
2, 3, 454417
What are the prime factors of 15769799?
317, 49747
What are the prime factors of 3811458?
2, 3, 7, 90749
What are the prime factors of 1223533?
1223533
What are the prime factors of 5289606?
2, 3, 7, 41981
What are the prime factors of 1771267?
313, 5659
List the prime factors of 15354172.
2, 41, 251, 373
List the prime factors of 5195601.
3, 157, 3677
What are the prime factors of 1146370?
2, 5, 29, 59, 67
List the prime factors of 2712509.
1637, 1657
What are the prime factors of 18528418?
2, 9264209
What are the prime factors of 348648?
2, 3, 73, 199
What are the prime factors of 46514?
2, 13, 1789
What are the prime factors of 5720384?
2, 89381
List the prime factors of 8699623.
29, 31, 9677
List the prime factors of 8878567.
19, 467293
What are the prime factors of 5203335?
3, 5, 79, 4391
What are the prime factors of 17470811?
17470811
What are the prime factors of 260285?
5, 52057
List the prime factors of 588184.
2, 73523
List the prime factors of 735207.
3, 11, 22279
List the prime factors of 2082020.
2, 5, 19, 5479
List the prime factors of 5589157.
7, 798451
What are the prime factors of 12375318?
2, 3, 2062553
What are the prime factors of 262519?
262519
What are the prime factors of 1004707?
11, 149, 613
What are the prime factors of 552138?
2, 3, 23, 4001
What are the prime factors of 13648443?
3, 373, 12197
What are the prime factors of 14521002?
2, 3, 2420167
What are the prime factors of 9059?
9059
What are the prime factors of 5006277?
3, 556253
List the prime factors of 4552448.
2, 17783
What are the prime factors of 255478?
2, 127739
List the prime factors of 3848695.
5, 769739
List the prime factors of 4529686.
2, 7, 323549
What are the prime factors of 10534925?
5, 421397
What are the prime factors of 3138221?
3138221
What are the prime factors of 3423?
3, 7, 163
List the prime factors of 2544132.
2, 3, 41, 5171
What are the prime factors of 36322556?
2, 41, 241, 919
What are the prime factors of 221247?
3, 13, 31, 61
List the prime factors of 1683991.
23, 211, 347
What are the prime factors of 5574150?
2, 3, 5, 4129
What are the prime factors of 373454?
2, 186727
List the prime factors of 311605.
5, 7, 29, 307
List the prime factors of 341688.
2, 3, 23, 619
What are the prime factors of 65572?
2, 13, 97
What are the prime factors of 2185926?
2, 3, 364321
What are the prime factors of 9271089?
3, 1030121
List the prime factors of 184178.
2, 17, 5417
What are the prime factors of 31242?
2, 3, 41, 127
What are the prime factors of 6937613?
6937613
What are the prime factors of 321674?
2, 17, 9461
List the prime factors of 328053.
3, 11, 9941
List the prime factors of 8099438.
2, 193, 20983
List the prime factors of 5104961.
5104961
What are the prime factors of 89501?
89501
List the prime factors of 37852726.
2, 3299, 5737
List the prime factors of 338125.
5, 541
What are the prime factors of 466626?
2, 3, 83, 937
What are the prime factors of 10224101?
79, 129419
List the prime factors of 137480.
2, 5, 7, 491
What are the prime factors of 10640551?
19, 560029
What are the prime factors of 4228614?
2, 3, 13, 17, 1063
What are the prime factors of 434938?
2, 7, 47, 661
What are the prime factors of 1230618?
2, 3, 205103
What are the prime factors of 8359133?
8359133
What are the prime factors of 2982376?
2, 372797
What are the prime factors of 37175?
5, 1487
What are the prime factors of 10249570?
2, 5, 1024957
What are the prime factors of 665444?
2, 13, 67, 191
List the prime factors of 94637.
101, 937
List the prime factors of 3250566.
2, 3, 11, 16417
What are the prime factors of 16609685?
5, 3321937
What are the prime factors of 1564627?
71, 22037
List the prime factors of 19351096.
2, 23, 251, 419
List the prime factors of 47764.
2, 11941
List the prime factors of 13660397.
13660397
List the prime factors of 18450537.
3, 7, 878597
What are the prime factors of 9886